{"id":9144,"date":"2024-02-04T23:18:14","date_gmt":"2024-02-04T22:18:14","guid":{"rendered":"https:\/\/lsaletrado.com\/?page_id=9144"},"modified":"2024-02-28T20:36:22","modified_gmt":"2024-02-28T19:36:22","slug":"derecho-familia","status":"publish","type":"page","link":"https:\/\/lsaletrado.com\/?page_id=9144","title":{"rendered":"Derecho de Familia"},"content":{"rendered":"\t\t<div data-elementor-type=\"wp-page\" data-elementor-id=\"9144\" class=\"elementor elementor-9144\">\n\t\t\t\t\t\t<section class=\"elementor-section elementor-top-section elementor-element elementor-element-5a804d37 elementor-section-boxed elementor-section-height-default elementor-section-height-default\" data-id=\"5a804d37\" data-element_type=\"section\">\n\t\t\t\t\t\t<div class=\"elementor-container elementor-column-gap-default\">\n\t\t\t\t\t<div class=\"elementor-column elementor-col-100 elementor-top-column elementor-element elementor-element-1b241b39\" data-id=\"1b241b39\" data-element_type=\"column\">\n\t\t\t<div class=\"elementor-widget-wrap elementor-element-populated\">\n\t\t\t\t\t\t<div class=\"elementor-element elementor-element-38e18411 elementor-widget elementor-widget-text-editor\" data-id=\"38e18411\" data-element_type=\"widget\" data-widget_type=\"text-editor.default\">\n\t\t\t\t<div class=\"elementor-widget-container\">\n\t\t\t\t\t\t\t\t\t<p>El Derecho de Familia es una rama del ordenamiento jur\u00eddico que regula las relaciones entre los miembros de una familia y sus patrimonios. Se centra en aspectos como el matrimonio, el divorcio, la filiaci\u00f3n, la adopci\u00f3n, la patria potestad, la custodia de los hijos, los alimentos y la sucesi\u00f3n hereditaria. Su objetivo principal es proteger los derechos y garant\u00edas de los individuos dentro del n\u00facleo familiar, promoviendo la estabilidad, el bienestar y la equidad.<\/p><p>El Derecho de Familia se adapta a las evoluciones sociales y culturales, reconociendo y protegiendo diversas formas de familia y atendiendo al inter\u00e9s superior del menor en situaciones de conflicto. Adem\u00e1s, busca proporcionar soluciones justas y equilibradas en casos de disputa familiar.<\/p>\t\t\t\t\t\t\t\t<\/div>\n\t\t\t\t<\/div>\n\t\t\t\t<div class=\"elementor-element elementor-element-4b9f46f5 elementor-widget elementor-widget-heading\" data-id=\"4b9f46f5\" data-element_type=\"widget\" data-widget_type=\"heading.default\">\n\t\t\t\t<div class=\"elementor-widget-container\">\n\t\t\t\t\t<h3 class=\"elementor-heading-title elementor-size-default\"><span>\u00bfQu\u00e9 hace por ti LSA Letrado?<\/span><\/h3>\t\t\t\t<\/div>\n\t\t\t\t<\/div>\n\t\t\t\t<div class=\"elementor-element elementor-element-44f10cb9 elementor-widget elementor-widget-text-editor\" data-id=\"44f10cb9\" data-element_type=\"widget\" data-widget_type=\"text-editor.default\">\n\t\t\t\t<div class=\"elementor-widget-container\">\n\t\t\t\t\t\t\t\t\t<p>Estaremos a tu lado para asegurar que cualquier imprevisto que surja en tu \u00e1mbito familiar, ya sea durante tu divorcio, si quieres adoptar a un peque\u00f1o o si necesitas solventar una herencia, se desarrolle dentro del marco de la legalidad.<\/p>\t\t\t\t\t\t\t\t<\/div>\n\t\t\t\t<\/div>\n\t\t\t\t\t<\/div>\n\t\t<\/div>\n\t\t\t\t\t<\/div>\n\t\t<\/section>\n\t\t\t\t<section class=\"elementor-section elementor-top-section elementor-element elementor-element-65bf718b elementor-section-boxed elementor-section-height-default elementor-section-height-default\" data-id=\"65bf718b\" data-element_type=\"section\">\n\t\t\t\t\t\t<div class=\"elementor-container elementor-column-gap-default\">\n\t\t\t\t\t<div class=\"elementor-column elementor-col-50 elementor-top-column elementor-element elementor-element-521bc44b\" data-id=\"521bc44b\" data-element_type=\"column\">\n\t\t\t<div class=\"elementor-widget-wrap elementor-element-populated\">\n\t\t\t\t\t\t<div class=\"elementor-element elementor-element-d5aeff2 elementor-widget elementor-widget-image\" data-id=\"d5aeff2\" data-element_type=\"widget\" data-widget_type=\"image.default\">\n\t\t\t\t<div class=\"elementor-widget-container\">\n\t\t\t\t\t\t\t\t\t\t\t\t\t\t\t<img fetchpriority=\"high\" decoding=\"async\" width=\"671\" height=\"1024\" src=\"https:\/\/i0.wp.com\/lsaletrado.com\/wp-content\/uploads\/2024\/02\/Leandro-Santigosa-Aranda.jpg?fit=671%2C1024&amp;ssl=1\" class=\"attachment-large size-large wp-image-9423\" alt=\"\" srcset=\"https:\/\/i0.wp.com\/lsaletrado.com\/wp-content\/uploads\/2024\/02\/Leandro-Santigosa-Aranda.jpg?w=848&amp;ssl=1 848w, https:\/\/i0.wp.com\/lsaletrado.com\/wp-content\/uploads\/2024\/02\/Leandro-Santigosa-Aranda.jpg?resize=196%2C300&amp;ssl=1 196w, https:\/\/i0.wp.com\/lsaletrado.com\/wp-content\/uploads\/2024\/02\/Leandro-Santigosa-Aranda.jpg?resize=671%2C1024&amp;ssl=1 671w, https:\/\/i0.wp.com\/lsaletrado.com\/wp-content\/uploads\/2024\/02\/Leandro-Santigosa-Aranda.jpg?resize=768%2C1173&amp;ssl=1 768w\" sizes=\"(max-width: 671px) 100vw, 671px\" \/>\t\t\t\t\t\t\t\t\t\t\t\t\t\t\t<\/div>\n\t\t\t\t<\/div>\n\t\t\t\t\t<\/div>\n\t\t<\/div>\n\t\t\t\t<div class=\"elementor-column elementor-col-50 elementor-top-column elementor-element elementor-element-4d39de03\" data-id=\"4d39de03\" data-element_type=\"column\">\n\t\t\t<div class=\"elementor-widget-wrap elementor-element-populated\">\n\t\t\t\t\t\t<div class=\"elementor-element elementor-element-f59d848 elementor-widget elementor-widget-rt-testimonial\" data-id=\"f59d848\" data-element_type=\"widget\" data-widget_type=\"rt-testimonial.default\">\n\t\t\t\t<div class=\"elementor-widget-container\">\n\t\t\t\t\t\n<div class=\"testimonial-box-layout3 wow animated fadeInUp\" data-wow-delay=\"0.2s\">\n    <div class=\"section-heading\">\n                <div class=\"heading-sub-title\">Nuestro compromiso<\/div>\n                <h2 class=\"heading-main-title\">A tu lado<\/h2>\n            <\/div>\n        <div class=\"quote-icon\">\n        <i class=\"flaticon-quote\"><\/i>\n    <\/div>\n        <p>Para guiarte, aconsejarte, dirigirte y asegurar que toda decisi\u00f3n que tomes o movimiento que emprendas est\u00e9 dentro de la legalidad y la equidad.<\/p>\n        <div class=\"media\">\n                                <div class=\"media-body space-sm\">\n                    <\/div>\n    <\/div>\n<\/div>\n\n\n\n\t\t\t\t<\/div>\n\t\t\t\t<\/div>\n\t\t\t\t<div class=\"elementor-element elementor-element-20f0d41f e-transform elementor-widget elementor-widget-image\" data-id=\"20f0d41f\" data-element_type=\"widget\" data-settings=\"{&quot;_transform_scale_effect&quot;:{&quot;unit&quot;:&quot;px&quot;,&quot;size&quot;:2,&quot;sizes&quot;:[]},&quot;_transform_scale_effect_tablet&quot;:{&quot;unit&quot;:&quot;px&quot;,&quot;size&quot;:&quot;&quot;,&quot;sizes&quot;:[]},&quot;_transform_scale_effect_mobile&quot;:{&quot;unit&quot;:&quot;px&quot;,&quot;size&quot;:&quot;&quot;,&quot;sizes&quot;:[]}}\" data-widget_type=\"image.default\">\n\t\t\t\t<div class=\"elementor-widget-container\">\n\t\t\t\t\t\t\t\t\t\t\t\t\t\t\t<img decoding=\"async\" width=\"194\" height=\"60\" src=\"https:\/\/i0.wp.com\/lsaletrado.com\/wp-content\/uploads\/2024\/02\/Firma-transparente-e1707070466137.png?fit=194%2C60&amp;ssl=1\" class=\"attachment-full size-full wp-image-9008\" alt=\"\" \/>\t\t\t\t\t\t\t\t\t\t\t\t\t\t\t<\/div>\n\t\t\t\t<\/div>\n\t\t\t\t\t<\/div>\n\t\t<\/div>\n\t\t\t\t\t<\/div>\n\t\t<\/section>\n\t\t\t\t<section class=\"elementor-section elementor-top-section elementor-element elementor-element-4219b21f elementor-section-boxed elementor-section-height-default elementor-section-height-default\" data-id=\"4219b21f\" data-element_type=\"section\">\n\t\t\t\t\t\t<div class=\"elementor-container elementor-column-gap-default\">\n\t\t\t\t\t<div class=\"elementor-column elementor-col-100 elementor-top-column elementor-element elementor-element-6bb74cf9\" data-id=\"6bb74cf9\" data-element_type=\"column\">\n\t\t\t<div class=\"elementor-widget-wrap elementor-element-populated\">\n\t\t\t\t\t\t<div class=\"elementor-element elementor-element-3379bba9 elementor-widget elementor-widget-text-editor\" data-id=\"3379bba9\" data-element_type=\"widget\" data-widget_type=\"text-editor.default\">\n\t\t\t\t<div class=\"elementor-widget-container\">\n\t\t\t\t\t\t\t\t\t<p>Tener una buena representaci\u00f3n legal en un caso de derecho familiar es esencial por varias razones. En primer lugar, un abogado especializado en derecho familiar tiene el conocimiento y la experiencia necesarios para comprender las complejidades emocionales y legales de los casos familiares, lo que garantiza una defensa efectiva y enfocada en proteger los mejores intereses del cliente y su familia.<\/p><p>Adem\u00e1s, un abogado competente puede guiar a su cliente a trav\u00e9s de los procedimientos legales y proporcionar asesoramiento estrat\u00e9gico para alcanzar soluciones justas y equitativas en casos de divorcio, custodia de hijos, reparto de bienes y otros asuntos familiares.<\/p><p>La representaci\u00f3n adecuada tambi\u00e9n puede ayudar a evitar conflictos prolongados y costosos, promoviendo acuerdos extrajudiciales y la resoluci\u00f3n amigable de disputas familiares, lo que reduce el estr\u00e9s y el impacto emocional en todas las partes involucradas.<\/p>\t\t\t\t\t\t\t\t<\/div>\n\t\t\t\t<\/div>\n\t\t\t\t\t<\/div>\n\t\t<\/div>\n\t\t\t\t\t<\/div>\n\t\t<\/section>\n\t\t\t\t<section class=\"elementor-section elementor-top-section elementor-element elementor-element-39d129b9 elementor-section-boxed elementor-section-height-default elementor-section-height-default\" data-id=\"39d129b9\" data-element_type=\"section\">\n\t\t\t\t\t\t<div class=\"elementor-container elementor-column-gap-default\">\n\t\t\t\t\t<div class=\"elementor-column elementor-col-100 elementor-top-column elementor-element elementor-element-2fdb7d73\" data-id=\"2fdb7d73\" data-element_type=\"column\">\n\t\t\t<div class=\"elementor-widget-wrap elementor-element-populated\">\n\t\t\t\t\t\t<div class=\"elementor-element elementor-element-1d9d5791 elementor-widget elementor-widget-image\" data-id=\"1d9d5791\" data-element_type=\"widget\" data-widget_type=\"image.default\">\n\t\t\t\t<div class=\"elementor-widget-container\">\n\t\t\t\t\t\t\t\t\t\t\t\t\t\t\t<img decoding=\"async\" width=\"2251\" height=\"210\" src=\"https:\/\/i0.wp.com\/lsaletrado.com\/wp-content\/uploads\/2024\/02\/banner-kit-digital.png?fit=2251%2C210&amp;ssl=1\" class=\"attachment-full size-full wp-image-9362\" alt=\"\" srcset=\"https:\/\/i0.wp.com\/lsaletrado.com\/wp-content\/uploads\/2024\/02\/banner-kit-digital.png?w=2251&amp;ssl=1 2251w, https:\/\/i0.wp.com\/lsaletrado.com\/wp-content\/uploads\/2024\/02\/banner-kit-digital.png?resize=300%2C28&amp;ssl=1 300w, https:\/\/i0.wp.com\/lsaletrado.com\/wp-content\/uploads\/2024\/02\/banner-kit-digital.png?resize=1024%2C96&amp;ssl=1 1024w, https:\/\/i0.wp.com\/lsaletrado.com\/wp-content\/uploads\/2024\/02\/banner-kit-digital.png?resize=768%2C72&amp;ssl=1 768w, https:\/\/i0.wp.com\/lsaletrado.com\/wp-content\/uploads\/2024\/02\/banner-kit-digital.png?resize=1536%2C143&amp;ssl=1 1536w, https:\/\/i0.wp.com\/lsaletrado.com\/wp-content\/uploads\/2024\/02\/banner-kit-digital.png?resize=2048%2C191&amp;ssl=1 2048w\" sizes=\"(max-width: 1200px) 100vw, 1200px\" \/>\t\t\t\t\t\t\t\t\t\t\t\t\t\t\t<\/div>\n\t\t\t\t<\/div>\n\t\t\t\t\t<\/div>\n\t\t<\/div>\n\t\t\t\t\t<\/div>\n\t\t<\/section>\n\t\t\t\t<\/div>\n\t\t","protected":false},"excerpt":{"rendered":"<p>El Derecho de Familia es una rama del ordenamiento jur\u00eddico que regula las relaciones entre los miembros de una familia y sus patrimonios. Se centra en aspectos como el matrimonio, el divorcio, la filiaci\u00f3n, la adopci\u00f3n, la patria potestad, la custodia de los hijos, los alimentos y la sucesi\u00f3n hereditaria. Su objetivo principal es proteger&#8230;<\/p>\n","protected":false},"author":1,"featured_media":0,"parent":3808,"menu_order":0,"comment_status":"closed","ping_status":"closed","template":"templates\/blank.php","meta":{"footnotes":""},"class_list":["post-9144","page","type-page","status-publish","hentry"],"yoast_head":"<!-- This site is optimized with the Yoast SEO plugin v26.0 - https:\/\/yoast.com\/wordpress\/plugins\/seo\/ -->\n<title>Derecho de Familia - LSA Letrado<\/title>\n<meta name=\"robots\" content=\"index, follow, max-snippet:-1, max-image-preview:large, max-video-preview:-1\" \/>\n<link rel=\"canonical\" href=\"https:\/\/lsaletrado.com\/?page_id=9144\" \/>\n<meta property=\"og:locale\" content=\"es_ES\" \/>\n<meta property=\"og:type\" content=\"article\" \/>\n<meta property=\"og:title\" content=\"Derecho de Familia - LSA Letrado\" \/>\n<meta property=\"og:description\" content=\"El Derecho de Familia es una rama del ordenamiento jur\u00eddico que regula las relaciones entre los miembros de una familia y sus patrimonios. Se centra en aspectos como el matrimonio, el divorcio, la filiaci\u00f3n, la adopci\u00f3n, la patria potestad, la custodia de los hijos, los alimentos y la sucesi\u00f3n hereditaria. Su objetivo principal es proteger...\" \/>\n<meta property=\"og:url\" content=\"https:\/\/lsaletrado.com\/?page_id=9144\" \/>\n<meta property=\"og:site_name\" content=\"LSA Letrado\" \/>\n<meta property=\"article:modified_time\" content=\"2024-02-28T19:36:22+00:00\" \/>\n<meta property=\"og:image\" content=\"https:\/\/lsaletrado.com\/wp-content\/uploads\/2024\/02\/Leandro-Santigosa-Aranda-671x1024.jpg\" \/>\n<meta name=\"twitter:card\" content=\"summary_large_image\" \/>\n<meta name=\"twitter:label1\" content=\"Tiempo de lectura\" \/>\n\t<meta name=\"twitter:data1\" content=\"2 minutos\" \/>\n<script type=\"application\/ld+json\" class=\"yoast-schema-graph\">{\"@context\":\"https:\/\/schema.org\",\"@graph\":[{\"@type\":\"WebPage\",\"@id\":\"https:\/\/lsaletrado.com\/?page_id=9144\",\"url\":\"https:\/\/lsaletrado.com\/?page_id=9144\",\"name\":\"Derecho de Familia - LSA Letrado\",\"isPartOf\":{\"@id\":\"https:\/\/lsaletrado.com\/#website\"},\"primaryImageOfPage\":{\"@id\":\"https:\/\/lsaletrado.com\/?page_id=9144#primaryimage\"},\"image\":{\"@id\":\"https:\/\/lsaletrado.com\/?page_id=9144#primaryimage\"},\"thumbnailUrl\":\"https:\/\/lsaletrado.com\/wp-content\/uploads\/2024\/02\/Leandro-Santigosa-Aranda-671x1024.jpg\",\"datePublished\":\"2024-02-04T22:18:14+00:00\",\"dateModified\":\"2024-02-28T19:36:22+00:00\",\"breadcrumb\":{\"@id\":\"https:\/\/lsaletrado.com\/?page_id=9144#breadcrumb\"},\"inLanguage\":\"es\",\"potentialAction\":[{\"@type\":\"ReadAction\",\"target\":[\"https:\/\/lsaletrado.com\/?page_id=9144\"]}]},{\"@type\":\"ImageObject\",\"inLanguage\":\"es\",\"@id\":\"https:\/\/lsaletrado.com\/?page_id=9144#primaryimage\",\"url\":\"https:\/\/i0.wp.com\/lsaletrado.com\/wp-content\/uploads\/2024\/02\/Leandro-Santigosa-Aranda.jpg?fit=848%2C1295&ssl=1\",\"contentUrl\":\"https:\/\/i0.wp.com\/lsaletrado.com\/wp-content\/uploads\/2024\/02\/Leandro-Santigosa-Aranda.jpg?fit=848%2C1295&ssl=1\",\"width\":848,\"height\":1295},{\"@type\":\"BreadcrumbList\",\"@id\":\"https:\/\/lsaletrado.com\/?page_id=9144#breadcrumb\",\"itemListElement\":[{\"@type\":\"ListItem\",\"position\":1,\"name\":\"Portada\",\"item\":\"https:\/\/lsaletrado.com\/\"},{\"@type\":\"ListItem\",\"position\":2,\"name\":\"Home\",\"item\":\"https:\/\/lsaletrado.com\/\"},{\"@type\":\"ListItem\",\"position\":3,\"name\":\"Pr\u00e1cticas\",\"item\":\"https:\/\/lsaletrado.com\/?page_id=3808\"},{\"@type\":\"ListItem\",\"position\":4,\"name\":\"Derecho de Familia\"}]},{\"@type\":\"WebSite\",\"@id\":\"https:\/\/lsaletrado.com\/#website\",\"url\":\"https:\/\/lsaletrado.com\/\",\"name\":\"LSA Letrado\",\"description\":\"\",\"publisher\":{\"@id\":\"https:\/\/lsaletrado.com\/#organization\"},\"potentialAction\":[{\"@type\":\"SearchAction\",\"target\":{\"@type\":\"EntryPoint\",\"urlTemplate\":\"https:\/\/lsaletrado.com\/?s={search_term_string}\"},\"query-input\":{\"@type\":\"PropertyValueSpecification\",\"valueRequired\":true,\"valueName\":\"search_term_string\"}}],\"inLanguage\":\"es\"},{\"@type\":\"Organization\",\"@id\":\"https:\/\/lsaletrado.com\/#organization\",\"name\":\"LSA Letrado\",\"url\":\"https:\/\/lsaletrado.com\/\",\"logo\":{\"@type\":\"ImageObject\",\"inLanguage\":\"es\",\"@id\":\"https:\/\/lsaletrado.com\/#\/schema\/logo\/image\/\",\"url\":\"https:\/\/lsaletrado.com\/wp-content\/uploads\/2024\/02\/Imagotipo-LSA-LETRADO-2-1.png\",\"contentUrl\":\"https:\/\/lsaletrado.com\/wp-content\/uploads\/2024\/02\/Imagotipo-LSA-LETRADO-2-1.png\",\"width\":2560,\"height\":816,\"caption\":\"LSA Letrado\"},\"image\":{\"@id\":\"https:\/\/lsaletrado.com\/#\/schema\/logo\/image\/\"}}]}<\/script>\n<!-- \/ Yoast SEO plugin. -->","yoast_head_json":{"title":"Derecho de Familia - LSA Letrado","robots":{"index":"index","follow":"follow","max-snippet":"max-snippet:-1","max-image-preview":"max-image-preview:large","max-video-preview":"max-video-preview:-1"},"canonical":"https:\/\/lsaletrado.com\/?page_id=9144","og_locale":"es_ES","og_type":"article","og_title":"Derecho de Familia - LSA Letrado","og_description":"El Derecho de Familia es una rama del ordenamiento jur\u00eddico que regula las relaciones entre los miembros de una familia y sus patrimonios. Se centra en aspectos como el matrimonio, el divorcio, la filiaci\u00f3n, la adopci\u00f3n, la patria potestad, la custodia de los hijos, los alimentos y la sucesi\u00f3n hereditaria. Su objetivo principal es proteger...","og_url":"https:\/\/lsaletrado.com\/?page_id=9144","og_site_name":"LSA Letrado","article_modified_time":"2024-02-28T19:36:22+00:00","og_image":[{"url":"https:\/\/lsaletrado.com\/wp-content\/uploads\/2024\/02\/Leandro-Santigosa-Aranda-671x1024.jpg","type":"","width":"","height":""}],"twitter_card":"summary_large_image","twitter_misc":{"Tiempo de lectura":"2 minutos"},"schema":{"@context":"https:\/\/schema.org","@graph":[{"@type":"WebPage","@id":"https:\/\/lsaletrado.com\/?page_id=9144","url":"https:\/\/lsaletrado.com\/?page_id=9144","name":"Derecho de Familia - LSA Letrado","isPartOf":{"@id":"https:\/\/lsaletrado.com\/#website"},"primaryImageOfPage":{"@id":"https:\/\/lsaletrado.com\/?page_id=9144#primaryimage"},"image":{"@id":"https:\/\/lsaletrado.com\/?page_id=9144#primaryimage"},"thumbnailUrl":"https:\/\/lsaletrado.com\/wp-content\/uploads\/2024\/02\/Leandro-Santigosa-Aranda-671x1024.jpg","datePublished":"2024-02-04T22:18:14+00:00","dateModified":"2024-02-28T19:36:22+00:00","breadcrumb":{"@id":"https:\/\/lsaletrado.com\/?page_id=9144#breadcrumb"},"inLanguage":"es","potentialAction":[{"@type":"ReadAction","target":["https:\/\/lsaletrado.com\/?page_id=9144"]}]},{"@type":"ImageObject","inLanguage":"es","@id":"https:\/\/lsaletrado.com\/?page_id=9144#primaryimage","url":"https:\/\/i0.wp.com\/lsaletrado.com\/wp-content\/uploads\/2024\/02\/Leandro-Santigosa-Aranda.jpg?fit=848%2C1295&ssl=1","contentUrl":"https:\/\/i0.wp.com\/lsaletrado.com\/wp-content\/uploads\/2024\/02\/Leandro-Santigosa-Aranda.jpg?fit=848%2C1295&ssl=1","width":848,"height":1295},{"@type":"BreadcrumbList","@id":"https:\/\/lsaletrado.com\/?page_id=9144#breadcrumb","itemListElement":[{"@type":"ListItem","position":1,"name":"Portada","item":"https:\/\/lsaletrado.com\/"},{"@type":"ListItem","position":2,"name":"Home","item":"https:\/\/lsaletrado.com\/"},{"@type":"ListItem","position":3,"name":"Pr\u00e1cticas","item":"https:\/\/lsaletrado.com\/?page_id=3808"},{"@type":"ListItem","position":4,"name":"Derecho de Familia"}]},{"@type":"WebSite","@id":"https:\/\/lsaletrado.com\/#website","url":"https:\/\/lsaletrado.com\/","name":"LSA Letrado","description":"","publisher":{"@id":"https:\/\/lsaletrado.com\/#organization"},"potentialAction":[{"@type":"SearchAction","target":{"@type":"EntryPoint","urlTemplate":"https:\/\/lsaletrado.com\/?s={search_term_string}"},"query-input":{"@type":"PropertyValueSpecification","valueRequired":true,"valueName":"search_term_string"}}],"inLanguage":"es"},{"@type":"Organization","@id":"https:\/\/lsaletrado.com\/#organization","name":"LSA Letrado","url":"https:\/\/lsaletrado.com\/","logo":{"@type":"ImageObject","inLanguage":"es","@id":"https:\/\/lsaletrado.com\/#\/schema\/logo\/image\/","url":"https:\/\/lsaletrado.com\/wp-content\/uploads\/2024\/02\/Imagotipo-LSA-LETRADO-2-1.png","contentUrl":"https:\/\/lsaletrado.com\/wp-content\/uploads\/2024\/02\/Imagotipo-LSA-LETRADO-2-1.png","width":2560,"height":816,"caption":"LSA Letrado"},"image":{"@id":"https:\/\/lsaletrado.com\/#\/schema\/logo\/image\/"}}]}},"jetpack_sharing_enabled":true,"_links":{"self":[{"href":"https:\/\/lsaletrado.com\/index.php?rest_route=\/wp\/v2\/pages\/9144","targetHints":{"allow":["GET"]}}],"collection":[{"href":"https:\/\/lsaletrado.com\/index.php?rest_route=\/wp\/v2\/pages"}],"about":[{"href":"https:\/\/lsaletrado.com\/index.php?rest_route=\/wp\/v2\/types\/page"}],"author":[{"embeddable":true,"href":"https:\/\/lsaletrado.com\/index.php?rest_route=\/wp\/v2\/users\/1"}],"replies":[{"embeddable":true,"href":"https:\/\/lsaletrado.com\/index.php?rest_route=%2Fwp%2Fv2%2Fcomments&post=9144"}],"version-history":[{"count":18,"href":"https:\/\/lsaletrado.com\/index.php?rest_route=\/wp\/v2\/pages\/9144\/revisions"}],"predecessor-version":[{"id":9775,"href":"https:\/\/lsaletrado.com\/index.php?rest_route=\/wp\/v2\/pages\/9144\/revisions\/9775"}],"up":[{"embeddable":true,"href":"https:\/\/lsaletrado.com\/index.php?rest_route=\/wp\/v2\/pages\/3808"}],"wp:attachment":[{"href":"https:\/\/lsaletrado.com\/index.php?rest_route=%2Fwp%2Fv2%2Fmedia&parent=9144"}],"curies":[{"name":"wp","href":"https:\/\/api.w.org\/{rel}","templated":true}]}}